.
2
Suppose 7*q = -10 + 31. What is the greatest common divisor of q and 5?
1
Let m(a) = a + 3. Let z be m(4). Let o(r) = r**3 - r**2 + r + 7. Let v be o(0). Calculate the greatest common factor of z and v.
7
Suppose -b - v = 1, 3*b + 4 = 3*v + 19. Let q be (-90)/(-40)*(-8)/(-1). Calculate the greatest common divisor of b and q.
2
Suppose 58 = 4*o + 2. What is the highest common factor of 2 and o?
2
Suppose -3*c + 9*c = 180. Let k be (1 + 1)*101/1. Let p = k + -127. What is the greatest common factor of p and c?
15
Let i(l) = 2*l**2 + 4*l - 5. Let d be i(-3). What is the greatest common factor of 2 and d?
1
Suppose f = 2*c + 18, f = -2*f - 2*c + 54. Suppose -v - 12 = -0*v. Let k = v - -30. Calculate the greatest common factor of f and k.
18
Suppose -y = -93 + 5. What is the greatest common divisor of y and 11?
11
Let v = -24 - -38. What is the greatest common factor of v and 28?
14
Let n(t) = t**2 + 2*t + 17. Let j be n(9). What is the greatest common factor of j and 29?
29
Let x = -1 + 9. Suppose -3*g + c = -x - 4, 5*c = -5*g + 20. Suppose 4*l - 7*l + 23 = 2*y, -2*y + g*l = 12. What is the greatest common divisor of y and 28?
4
Let l be 614/3 - 6/9. Suppose -c + 5*c - l = 0. What is the greatest common factor of 17 and c?
17
Let c(q) = -10*q**2 + 7 + 7*q + 4*q**2 + 3*q**3 - 4*q**3. Let j be c(-9). What is the greatest common factor of 17 and j?
17
Let g be (-4)/(-10) - (-69)/15. Suppose g = -f + 17. Let y(w) = w**3 - 13*w**2 + 15*w. Let k be y(f). Calculate the greatest common factor of 12 and k.
12
Let n be ((-3)/(-2))/((-4)/8). Let z be (8 + -9)/(1/n). Calculate the greatest common factor of z and 33.
3
Suppose -3*i - 2*p = -5*i + 2, -3*i - 2*p = -3. What is the highest common factor of i and 3?
1
Let f(u) = u**3 + 30*u**2 - u + 18. Let a be f(-30). What is the highest common factor of 112 and a?
16
Suppose 95 = 5*v - 65. Suppose -v = 3*x - 92. Calculate the greatest common factor of 30 and x.
10
Suppose i - 5*i + 72 = 0. Let q = 14 - 9. Suppose -g - z = -42, -4*g - g = -q*z - 240. What is the greatest common divisor of g and i?
9
Suppose 3*o + 2*r - 1386 = 0, o + 2*o - 2*r - 1374 = 0. Calculate the highest common factor of 46 and o.
46
Let n(t) = 9*t - 14. Let q = 28 + -17. Let k be n(q). Let y(j) = -j**3 + j**2 + 2*j + 4. Let o be y(-3). Calculate the greatest common factor of k and o.
17
Let b = -271 + 513. Calculate the greatest common divisor of b and 22.
22
Suppose -12 = -4*p, -2*w + 20 = -5*p - 1. Let m(v) = 33*v**2 + 2*v - 2. Let k be m(-2). What is the highest common divisor of k and w?
18
Let o(h) = h**2 - h + 3. Let u be o(0). Let d be 2/1*u + 1. Calculate the highest common factor of 14 and d.
7
Suppose -53 = -3*w - r - 12, -4*w = -r - 50. Suppose -4*c - 4*o + 28 = 0, -4*o + w = c - 0. Calculate the highest common divisor of c and 50.
5
Let i = 3 + -6. Let m be i*1 - (-60)/2. What is the greatest common factor of 3 and m?
3
Let f = 388 + -355. Suppose -5*w + 4*t = -15, -2*t = w - 3*t - 3. What is the greatest common divisor of w and f?
3
Suppose 221 = 8*x - 67. What is the greatest common divisor of x and 90?
18
Suppose w + 1 = -s, 0 = -s + 3*s + 2. Let p = 10 + w. Calculate the highest common factor of 100 and p.
10
Suppose 0 = 3*w - 13 - 14. Let m be (2 - -1) + 4 + -1. What is the greatest common factor of m and w?
3
Suppose 0 = -4*z, -5*q + 60 = z - 5*z. Let l(w) = w + 4. Let n be l(4). Calculate the highest common divisor of n and q.
4
Suppose -5*h - 20 + 105 = -5*u, 3*u = -4*h + 33. Let l be 5*1*(-48)/(-20). Suppose -4*b + 6*b - l = 0. Calculate the highest common factor of h and b.
6
Let r(w) = 5*w + 25. Let g be r(-4). Suppose -99 + 20 = -5*t + k, -2*t - 2*k = -22. What is the highest common divisor of t and g?
5
Let c(n) = 21*n - 3. Let q be c(7). Let u be 17 + 1 + (-4 - -2). Calculate the greatest common divisor of q and u.
16
Let r = 37 - 23. Calculate the greatest common factor of r and 126.
14
Suppose 0 = -3*z - 0*z + 39. Let g = z + -4. Calculate the greatest common factor of g and 6.
3
Let r(z) = z**3 + 6*z**2 + 4*z. Suppose 4*m + l + 2*l + 35 = 0, 4*m + 5*l + 45 = 0. Let q be r(m). Calculate the highest common factor of 1 and q.
1
Let d = 5 - 3. Let i = d + 1. Suppose 0 = u - 5 - i. Calculate the highest common divisor of u and 16.
8
Suppose 21 = s + 10. Calculate the highest common divisor of s and 11.
11
Suppose -10*n + 234 + 26 = 0. Calculate the greatest common factor of n and 52.
26
Let f = 1 - -3. Suppose -f*n + 564 = -3*a, -5*a - 705 = -4*n - 149. What is the highest common divisor of n and 24?
24
Let h(g) = -g**2 - 9*g + 23. Let t be h(-11). Suppose 2*a - 8 = 4*a. Let u be (-3 - a) + t*21. What is the highest common factor of u and 66?
22
Let g = 67 - 53. Calculate the highest common factor of 126 and g.
14
Let n(a) = 80*a**3 + a**2. Let z(i) = i**3 - 9*i**2 + 7*i + 6. Let p be z(8). Let m = 3 + p. Let d be n(m). What is the greatest common divisor of 9 and d?
9
Let w = -43 + 55. Calculate the greatest common divisor of w and 204.
12
Let u(t) be the second derivative of -t**4/12 - 5*t**3/2 - t**2/2 - 10*t. Let r be u(-14). What is the highest common divisor of r and 39?
13
Let f = 93 - 81. What is the greatest common factor of f and 264?
12
Let w be (-2 + -1)/(20/(-5) + 1). What is the highest common factor of w and 2?
1
Let j(r) = -r**2 + 10*r - 2. Let t be j(8). What is the highest common divisor of t and 154?
14
Suppose 32*l - 29*l = 129. What is the highest common divisor of l and 43?
43
Let r = 44 + -10. What is the greatest common divisor of r and 51?
17
Suppose -3*u = -4*u + 89. Let j(q) = -3*q**2 - q + 5. Let s be j(-5). Let n = u - s. Calculate the greatest common divisor of n and 22.
22
Let i(k) = -k**2 - 7*k + 5. Let u be i(-6). Let b = 13 + u. Let c be (-6)/(-1 + -2) + 4. Calculate the greatest common divisor of c and b.
6
Suppose 14*x - 5*x - 486 = 0. What is the highest common factor of x and 162?
54
Let p(q) = 5*q**2 - 7. Suppose i - 3 = 2. Let c be p(i). Let s be c/4 - (-5)/10. Calculate the greatest common factor of s and 45.
15
Let r be (-2 + 0 + -4)/(-2). Suppose 4*t - t = -i + 82, -4*i - 50 = -2*t. Calculate the highest common factor of r and t.
3
Suppose -10*d + 97 = -33. Calculate the highest common divisor of d and 52.
13
Let a(j) = j**3 + 7*j**2 + 6*j. Let q be a(-6). Suppose 19 = 2*s + 5*r - 2*r, q = -2*s + 2*r + 4. Calculate the greatest common divisor of s and 20.
5
Suppose m + 3*i + 9 = 0, 3*m = -0*m + 4*i + 25. Let h be (2 + -1)/(m/36). Calculate the greatest common divisor of h and 60.
12
Suppose -8*n + 3*n = -55. What is the greatest common factor of n and 121?
11
Let t = -73 + 136. Calculate the highest common factor of 42 and t.
21
Let i(q) = 41*q**2 - 4. Let k be i(-2). Let l = 54 - 34. Calculate the greatest common factor of k and l.
20
Let b(r) = r**3 - 26*r**2 + 50*r - 17. Let g be b(24). Calculate the highest common factor of g and 186.
31
Let j(d) = -5*d + 4*d - 33 + 37. Let b be 3*(-2)/(-3) - 2. Let i be j(b). Calculate the highest common factor of 44 and i.
4
Let h = -15 - -17. Let x(s) = 3*s**2 - 4*s - 1. Let j be x(3). What is the greatest common factor of h and j?
2
Let g be (-2)/((-284)/(-1200) + 3/(-12)). What is the greatest common divisor of g and 30?
30
Suppose 8*c - 11*c + 240 = 0. Calculate the highest common divisor of 40 and c.
40
Suppose -h - 4*w + 40 = 6, -h = 3*w - 38. Suppose -l = 2*l - i - 11, 17 = 5*l - 3*i. Suppose 0*n = -l*n + 40. What is the greatest common divisor of n and h?
10
Let c = 61 + -54. Calculate the greatest common factor of c and 49.
7
Let w(q) = -q**3 - 5*q**2 + 2*q + 5. Let n be w(-5). Let z be 1/n + 361/5. What is the highest common factor of z and 18?
18
Let m(t) = t + 3. Let a be m(4). Calculate the greatest common divisor of a and 14.
7
Let h be -2*(-428)/28 + (-12)/21. Calculate the greatest common factor of h and 240.
30
Let r be (-2)/(-4)*(-8)/(-1). Let q(g) = -g**2 + 3. Let u be q(0). Suppose r*t = -u + 51. Calculate the greatest common divisor of 132 and t.
12
Let l be ((-11)/(-3) - 2)*3. Let z(m) = -m + 3. Let c(t) = t - 4. Let q(p) = -3*c(p) - 2*z(p). Let s be q(l). What is the greatest common factor of s and 7?
1
Suppose -14 = 4*x - 26. Let o(y) = y - 5. Let m be o(4). Let f = 2 + m. What is the greatest common fa